 in base 12?
-593421
What is a1c058 (base 13) in base 3?
21002102121220
What is -11110110101001101001 (base 2) in base 8?
-3665151
What is -118204 (base 12) in base 5?
-33034214
-217957 (base 13) to base 16
-c0697
What is 1474419 (base 12) in base 2?
1111110001010001010101
What is 40502724 (base 8) in base 3?
121002120210121
Convert 41778 (base 11) to base 2.
1110110110011011
245341 (base 6) to base 10
21949
Convert 25a25 (base 11) to base 5.
2142144
58581 (base 11) to base 9
137871
-10101000010110111 (base 2) to base 5
-10224244
Convert -10343042310 (base 5) to base 16.
-ac6b79
Convert -202102110210002 (base 3) to base 8.
-51320372
-676106 (base 8) to base 10
-228422
Convert -1586a (base 16) to base 10.
-88170
What is -251130 (base 8) in base 2?
-10101001001011000
-35a6a (base 14) to base 6
-2450330
Convert -a81 (base 12) to base 11.
-1178
Convert -2456305 (base 9) to base 12.
-545535
2617524 (base 8) to base 10
728916
330023000 (base 4) to base 5
30341324
-263603 (base 9) to base 15
-326b0
3c717 (base 13) to base 4
123221202
Convert -2001851 (base 13) to base 10.
-9657233
What is 211021211221 (base 3) in base 10?
438748
What is -464247 (base 8) in base 12?
-77433
348c1 (base 16) to base 7
1554334
-1704210 (base 9) to base 12
-398653
112002012112001 (base 3) to base 5
3403433224
-1403310 (base 6) to base 10
-78522
2a161 (base 11) to base 3
2011200110
What is -58c4b (base 13) in base 6?
-3252104
What is 11200021012221 (base 3) in base 12?
9ba321
-332536 (base 7) to base 10
-58582
Convert 212a5 (base 15) to base 3.
12100100102
-1c0eb0 (base 16) to base 7
-21425561
927472 (base 10) to base 11
583907
115522 (base 9) to base 3
10112120202
What is -344132132 (base 5) in base 11?
-970191
1107672 (base 8) to base 5
34031223
Convert -2001303020 (base 4) to base 12.
-217808
-202a813 (base 12) to base 2
-10111000000101000001111
Convert -221012221002 (base 3) to base 4.
-1321030031
Convert -3121242 (base 8) to base 16.
-ca2a2
What is 11000000100111011010000 (base 2) in base 5?
3103433012
Convert 289864 (base 12) to base 11.
425164
Convert 56140 (base 10) to base 9.
85007
17a5c3 (base 13) to base 5
123003234
What is 20011001 (base 3) in base 8?
10603
What is -1641002 (base 7) in base 6?
-4521332
Convert 58901a (base 11) to base 4.
3210013233
b24bb1 (base 13) to base 4
33311231020
What is 13e4ad (base 15) in base 13?
2779b7
731764 (base 11) to base 7
12655236
What is 15730673 (base 9) in base 15?
a57e6c
284278 (base 10) to base 9
472854
-2320022330 (base 4) to base 2
-10111000001010111100
Convert -23a79d (base 15) to base 2.
-110100000100001110010
Convert 93803 (base 10) to base 16.
16e6b
Convert -20a95a (base 11) to base 12.
-142932
-20534520 (base 6) to base 3
-1010200010010
What is 200010102020 (base 3) in base 6?
11351440
Convert 9bf83 (base 16) to base 4.
2123332003
2230310013 (base 4) to base 13
1ba25a
-21632332 (base 7) to base 11
-106a766
-1144334 (base 6) to base 2
-1110110011000010
Convert -27b6e (base 15) to base 5.
-13034304
Convert -1404221 (base 5) to base 14.
-a650
126150 (base 13) to base 11
281a55
Convert -2c386 (base 14) to base 7.
-640026
ae93fe (base 16) to base 2
101011101001001111111110
Convert -848311 (base 11) to base 5.
-321423440
What is 142087 (base 10) in base 2?
100010101100000111
What is 4261651 (base 7) in base 14?
d7361
Convert -220221212101201 (base 3) to base 16.
-ca6363
Convert -2401133 (base 6) to base 14.
-33625
What is 20000010300 (base 4) in base 5?
1014104311
Convert -1522747 (base 8) to base 12.
-190173
What is 11342323 (base 5) in base 4?
121313223
Convert 11a5a3 (base 12) to base 9.
477566
Convert -1010101 (base 4) to base 3.
-12222211
Convert 4791964 (base 11) to base 13.
1963881
-11001000110010010000 (base 2) to base 10
-822416
611865 (base 11) to base 8
3600425
What is -33200013 (base 4) in base 16?
-f807
Convert -12001212002001 (base 3) to base 7.
-31616245
12d94 (base 14) to base 12
22b5a
Convert 23407 (base 11) to base 3.
1201022121
Convert 1031301003 (base 4) to base 10.
318531
What is -220100010212002 (base 3) in base 15?
-12076cb
101100001110010111010011 (base 2) to base 11
65a9137
What is -18b403 (base 14) in base 6?
-30440043
What is 23100232 (base 4) in base 8?
132056
What is -449a8 (base 12) in base 10?
-91280
What is -4b90a (base 13) in base 12?
-68b9a
-10221122202100 (base 3) to base 15
-2b7060
Convert -c1848 (base 13) to base 14.
-90309
Convert 1a5945 (base 14) to base 8.
3447071
What is -1100010101011100 (base 2) in base 7?
-300205
3203421 (base 5) to base 9
81477
Convert -1ab25a (base 16) to base 14.
-337870
Convert -7193157 (base 10) to base 9.
-14473136
What is -230122 (base 10) in base 16?
-382ea
What is 202002101 (base 4) in base 13?
4b5ba
Convert 110100001110010001 (base 2) to base 10.
213905
Convert 1755022 (base 8) to base 9.
863773
What is -43107 (base 10) in base 3?
-2012010120
-5239557 (base 10) to base 14
-9a5661
What is -112120210202 (base 3) in base 6?
-10053032
Convert e0d75 (base 15) to base 10.
711785
-211110011121 (base 3) to base 8
-1537052
Convert 30020230103 (base 4) to base 15.
42c93b
What is -210c17a (base 14) in base 4?
-323213330300
430113034 (base 6) to base 9
15214324
136501001 (base 7) to base 4
202123202213
6097a (base 13) to base 2
101010001110111100
-3867880 (base 10) to base 7
-44606422
What is -4554622 (base 9) in base 3?
-11121211200202
3559 (base 11) to base 7
16410
What is -150325053 (base 7) in base 16?
-97aa24
143354 (base 13) to base 2
1111000010010100000
324521 (base 10) to base 4
1033032221
-101112110200111 (base 3) to base 16
-556ff3
Convert 13514224 (base 6) to base 12.
1a2974
What is 5949b5a (base 12) in base 2?
1000001111000001100110110
Convert 6503565 (base 8) to base 6.
101133045
Convert 32201131023 (base 4) to base 3.
21011102021220
-1368214 (base 10) to base 5
-322240324
1100001011000011 (base 2) to base 10
49859
12012341 (base 6) to base 13
101977
24353050 (base 6) to base 2
10111101101100010110
Convert 21404112 (base 7) to base 3.
10110010221110
Convert -37b02 (base 12) to base 9.
-125082
-37d7b9 (base 14) to base 8
-7245147
Convert 376ec (base 15) to base 8.
531660
Convert 222122200100 (base 3) to base 6.
15124530
Convert -624a0 (base 11) to base 14.
-252b4
What is 11100001001000110 (base 2) in base 15?
2424a
1193aaa (base 12) to base 15
47ab64
-127c3d (base 15) to base 12
-369394
Convert -238898 (base 12) to base 5.
-121344324
21760365 (base 8) to base 4
101332003311
What is 111110100011011 (base 2) in base 3?
1121221012
What is 27421 (base 8) in base 13?
563b
What is 1204582 (base 9) in base 5?
131343214
-12101220122 (base 3) to base 12
-51682
Convert -1310345051 (base 6) to base 12.
-51bb187
Convert 2c9a95 (base 13) to base 7.
12260060
Convert 10200111112 (base 3) to base 11.
4a552
Convert -7441a (base 11) to base 3.
-12111120201
What is 111110010010111110 (base 2) in base 8?
762276
What is -1000111010011111000011 (base 2) in base 12?
-948317
-14202101 (base 5) to base 7
-1152004
What is 333231140 (base 5) in base 2?
101100100110010101100
What is -32342 (base 8) in base 2?
-11010011100010
What is -a6592 (base 11) in base 10?
-155102
Convert -4b21d8 (base 14) to base 5.
-1130022441
20312321200 (base 4) to base 2
1000110110111001100000
Convert 461576 (base 8) to base 9.
257655
554213 (base 6) to base 3
2100112000
-312323100 (base 5) to base 2
-100111011011111110011
What is 15221111 (base 6) in base 15?
a77b4
-2a793 (base 11) to base 13
-16a84
What is -11110011101000011 (base 2) in base 3?
-20100002222
475875 (base 10) to base 4
1310023203
-2446120 (base 8) to base 6
-22244304
Convert -108d90 (base 15) to base 6.
-24530443
Convert -112021210210 (base 3) to base 4.
-1010222211
What is -1443332212 (base 5) in base 14?
-732553
-208cb (base 13) to base 8
-162421
-1db67 (base 14) to base 6
-1345223
What is 3235502 (base 7) in base 11?
250351
Convert 91a348 (base 13) to base 15.
4703c5
-aa4022 (base 12) to base 11
-1586576
-1193929 (base 10) to base 2
-100100011011111001001
Convert 1210102212 (base 3) to base 10.
35312
What is -4c8469 (base 14) in base 7?
-31253362
Convert -339b (base 13) to base 10.
-7226
Convert 1011011112022 (base 3) to base 9.
1134468
What is -3c802c (base 16) in base 15?
-534c17
-96392 (base 11) to base 14
-39159
What is -222